ppose -i = -a*j - 3*i + 101, -4*j + i + 131 = 0. Is j prime?
False
Is 12/(-4) + 3 - -133 a composite number?
True
Suppose 2 = -v + 6. Suppose j + 2 = v. Is (1/j)/((-1)/(-262)) prime?
True
Suppose -6*i = -i - 5410. Is i a prime number?
False
Suppose h = -h + 110. Let f = h - 4. Is f prime?
False
Let h(i) = i - 5*i - i + 7*i**2 + i**3 + 9 - 2. Let l be h(-8). Let z = -10 - l. Is z a composite number?
False
Suppose -2*r + 5*u = -14, 5*u + 5 = -5. Suppose 2 + 1 = -g, -r*c = -3*g - 37. Is c a prime number?
False
Let v(y) = -6*y**3 + y**2 - y - 3. Let m(f) = 17*f**3 - 2*f**2 + 4*f + 9. Let d(x) = -3*m(x) - 8*v(x). Is d(-2) a prime number?
False
Let m(n) = 60*n**2 + n + 6. Is m(-7) composite?
False
Let l be (3 - 1)*(-12)/8. Let h be (-2)/(-5 - l) + 1. Is 47 - h*(-4 + 3) a prime number?
False
Suppose 12 - 2 = 5*m. Is (-1575)/(-10) + m/(-4) a composite number?
False
Is 238/(16/(-4) + 6 + 0) a composite number?
True
Suppose 0 = 5*s - 4*b - 48, -5*s + 107 = 5*b + 32. Let h be s/10*(-805)/(-14). Let y = h - 38. Is y composite?
False
Suppose 3*q = 206 - 29. Is q composite?
False
Let b be 2 - ((0 - -2) + -7). Let v = -5 + b. Suppose -143 = -v*i - 45. Is i composite?
True
Let g = 0 - -6. Suppose -4*h + 7*q - 3*q = -88, -25 = -5*q. Let u = h + g. Is u prime?
False
Let l = -355 + 654. Let q = 426 - l. Is q prime?
True
Is 6388/44 - (-4)/(-22) a prime number?
False
Suppose -5*d + 495 = 5*k, -301 = -3*k - 0*d - 5*d. Suppose -z = 3*f - k, f + 3*z = z + 39. Is f a composite number?
False
Let o(m) = m**2 + 5*m + 5. Let z be o(-5). Let c(s) = -13*s - 2. Let h be c(-6). Suppose z*g = g + h. Is g composite?
False
Suppose 2*f + 9 = 1, 4*f + 2132 = 4*n. Suppose 3*v = d - 220, 0 = -2*d + 5*v - 92 + n. Is d a composite number?
False
Suppose -9*h = -8*h - 263. Is h a prime number?
True
Suppose -4*r + h + 217 = -17, -3*r + 182 = -4*h. Is (1 - (-1)/2)*r a prime number?
False
Let w be (91 - 2)/(-3 + 2). Let i(r) = r**3 + 7*r**2 - 8*r. Let c be i(-8). Is (-1 + c)/(1/w) composite?
False
Let m be 981/21 + 4/14. Let h = 282 - m. Suppose 4*r = -r + h. Is r prime?
True
Let x = 166 + 513. Is x composite?
True
Let z(t) = 18*t + 2. Let r(l) = -54*l - 6. Let s(k) = -4*r(k) - 11*z(k). Is s(2) a prime number?
False
Let p = -35 - -120. Is p a prime number?
False
Let w = 10 - 16. Let t(r) = -3*r + 5. Is t(w) a composite number?
False
Let p be 5/(15/9) + 1. Suppose 2*k = -3*y + 26, -p*k - 9 = y - 61. Is k composite?
False
Let q be (-20)/(4/2 + -1). Is (632/(-20))/(8/q) a composite number?
False
Suppose -5*d + d = -4*z + 260, 4*d - 252 = -4*z. Suppose 7*m - z = 3*m - 4*b, 4*m - 5*b = 91. Suppose h = -0*h + m. Is h prime?
True
Let w(l) = l**3 - 6*l**2 - 6*l + 3. Let f = 25 + -17. Is w(f) prime?
True
Suppose q + 291 = 4*v - 219, -2*q + 631 = 5*v. Is v a prime number?
True
Let o be 0 + 4 + (-5 - -3). Suppose o*z = z + 37. Is z a prime number?
True
Let m(c) = c**3 + 5*c**2 + 5*c + 6. Let w be m(-4). Suppose w*b = -0*b + 74. Is b a prime number?
True
Let g(u) = 1 + 2 - 2*u**3 - 2*u - 4. Let h = 1 + -2. Is g(h) a prime number?
True
Let m = 2 - -17. Suppose -4*a + 113 = -m. Is a a composite number?
True
Suppose 0 = -j - 2*j + 1317. Is j a composite number?
False
Suppose -2*t = -3*i + 419 + 358, -5*i - 5*t + 1270 = 0. Is i a composite number?
False
Let s = 1 - 1. Suppose -3*x + 3*q + 180 = s, 0*x - 140 = -3*x - 5*q. Is x prime?
False
Let h(t) be the third derivative of -t**6/120 - t**5/30 - t**4/12 - t**3/3 + 2*t**2. Let y be h(-2). Suppose y*k - 6*k + 88 = 0. Is k prime?
False
Let o(g) = 3*g + 3. Suppose -r - 1 = -4. Let y be o(r). Suppose -y - 6 = -3*d. Is d composite?
True
Suppose 7*k - k = 20058. Is k a composite number?
False
Let t = 983 - 514. Is t composite?
True
Let p(j) = -j**2 + 3*j + 4. Suppose -2*o - 8 = -4*o. Let u be p(o). Suppose u = -k - 2*h + 33, 2*h - 144 = -2*k - 2*k. Is k a prime number?
True
Let g = -2 + -2. Let m = g - -23. Is m composite?
False
Let i(f) = f**2 - 2*f - 4. Let l be i(4). Suppose 4*p = l + 8. Is 2/p - (-815)/15 a prime number?
False
Let p(b) = b**2 + 9*b + 9. Is p(8) a composite number?
True
Is 588/10 - (-6)/30 composite?
False
Let l = 733 + 144. Is l a prime number?
True
Suppose -19 = -3*i - 5*n, 2*i - 41 = -3*i + n. Let p = -6 + i. Let u(v) = 20*v**2 - v - 1. Is u(p) a prime number?
False
Let b be 12/8*(-4)/(-3). Let q be 7 + b + (1 - 3). Suppose q*h - 2*h = p + 413, -p + 168 = 2*h. Is h composite?
False
Let v(a) = -1 + 2*a - 20*a**2 + 1049*a**3 - 22*a**2 + 41*a**2. Is v(1) prime?
True
Let d(u) = u**2 + 8*u + 3. Let o be d(-8). Is (o + 5/(-2))*382 prime?
True
Suppose -3*b = -0*b - 3*m - 297, 0 = 5*b + 4*m - 468. Suppose 5*g - 5*f = -5, 5*f = 4*g + 7 - 0. Is b + (-1 + g)*1 a composite number?
False
Let b be (10/4)/((-3)/(-6)). Let k(p) = -88*p + 4. Let z be k(b). Let c = z - -689. Is c a prime number?
False
Let r(v) = -v**2 + 6*v - 2. Let o be r(5). Suppose o*y = 62 + 52. Is y composite?
True
Let c be (5 - 5)/(-2 - 0). Suppose 3*j - 213 = -c*j. Is j prime?
True
Let i(y) = y + 6. Let z be i(-4). Let d be ((-5)/(-2))/(1/z). Suppose d*n + g + 0*g - 106 = 0, -60 = -2*n + 4*g. Is n prime?
False
Suppose l = 5*u - 0*u + 558, -5*u + 4*l - 567 = 0. Let j = 355 + u. Suppose -j = 4*x - 840. Is x a composite number?
False
Let c be (12/9)/(6/9). Suppose c*f = 5*f. Suppose f*u = -5*u + 95. Is u composite?
False
Let y(m) = -2*m - 7. Let j be y(-5). Let n be -2*2/6*j. Is (2/(-3))/(n/111) a composite number?
False
Let x(l) = -6*l**2 - 5. Let h be x(-4). Let j be (h/2*-2)/1. Suppose 4*g - 91 - j = m, -251 = -5*g + 4*m. Is g prime?
True
Let g be (-3)/(-12) - (-75)/(-12). Let v(p) = p**3 + 9*p**2 + 4*p + 9. Let d be v(g). Suppose 2*h - 289 = -m, 2*m + 54 = h - d. Is h a prime number?
False
Let s(c) = 61*c**2 + c. Let k be s(2). Suppose k = 2*b + 4*v, -419 = -3*b + 5*v - v. Is b a composite number?
True
Let g be (12/(-3))/(10/25). Is (-1760)/(-50) - (-2)/g a composite number?
True
Is 441 - ((4 - 2) + 2) a composite number?
True
Let f(w) = 37*w - 6. Let s be f(3). Let a = 244 - s. Is a a prime number?
True
Suppose 2*n + 3*d + 2 = 0, -n = -4*d - 9 - 1. Let h(v) = 155*v - 3. Is h(n) composite?
False
Suppose -474 = h - 3*h. Let s = h - 119. Is s a composite number?
True
Let o(k) = 166*k - 3. Let b be o(8). Suppose -i = 4*i - b. Suppose -w + 6*w = i. Is w prime?
True
Let g be ((-20)/3)/(6/(-72)). Is (-11)/(g/(-26) - -3) a prime number?
False
Is (-18501)/(-13) + ((-56)/26 - -2) composite?
False
Let q(v) = v + 1. Let m be q(2). Is m/5 + 14336/40 a prime number?
True
Suppose s + 4*t - 1532 = 405, t + 3 = 0. Is s composite?
False
Let m(h) = -11*h**2 + 4*h. Let o be m(-5). Let v = -208 - o. Is v prime?
False
Let r(l) = -l**3 + 4*l**2 + 7*l - 6. Let p be r(5). Suppose 0 = -p*s + 56 + 36. Is s prime?
True
Is (-844)/6*21/(-2) a prime number?
False
Let f = -1 + 6. Suppose -6*b = -f*b - 37. Is b a prime number?
True
Let j(u) = u**3 + 8*u**2 + 8*u + 6. Let p be j(-7). Let d(t) = 113*t**2 - t - 1. Is d(p) a composite number?
False
Let u(q) = 6*q**2 - 5*q - 3. Suppose -4*z + 2*z = 6. Let o be u(z). Suppose o = 3*l - l - 2*n, 4*n = 4. Is l a prime number?
False
Let x be 8*(5/4 - 2). Let d(q) = -q**3 + q**2 + 6*q - 1. Let a(k) = -k**3 + k**2 + 5*k - 2. Let m(g) = -2*a(g) + 3*d(g). Is m(x) prime?
False
Suppose -5*c = -0*c - 10765. Is c prime?
True
Let q(a) = -14*a + 2. Let h be q(-2). Let u = h + 6. Suppose -4*l = -u - 64. Is l composite?
True
Let z(y) = 2*y**2 - 2*y - 9. Let q(b) = -b. Let a(d) = -3*q(d) + z(d). Let h(p) = p**2 - 7*p - 4. Let c be h(6). Is a(c) a composite number?
False
Let l be (6/(-3))/(2/(-5)). Let r = -3 + l. Is 96/5 + r/(-10) a prime number?
True
Suppose 4*g - 9 = 3. Suppose 87 = g*w - 24. Is w a prime number?
True
Let p = -42 - -22. Let z = -14 - p. Let i(o) = 4*o - 1. Is i(z) prime?
True
Suppose 2*w - 4*w + 16 = 0. Let y(i) = -i**3 + 9*i**2 - 7*i + 7. Is y(w) composite?
True
Let p be (10/(-6))/((-1)/6). Let q(y) = 2*y + 0*y - 15 + 20. Is q(p) a prime number?
False
Is -3 - (0 + -2 - 212) a composite number?
False
Let u(h) = h**3 - 6*h**2 - 8*h + 8. Let z be u(7). Let t be (2 + z)/(-3) - -17. Suppose 2*k + t = 82. Is k a composite number?
True
Suppose 3*j + 2553 = 6*j. Is j a composite number?
True
Suppose -1265 = -3*x - 4*l - l, -3*l + 1257 = 3*x. Is x composite?
True
Suppose